 -30. Calculate the remainder when b is divided by (-25)/(125/(-30)) - -2.
5
Suppose -4*i + a = -5, 4*i + 3 = 2*a + 5. What is the remainder when 19/(-1*i/(-4)) is divided by 10?
8
Suppose -15 - 6 = c + 5*p, 5 = -p. Suppose n = c*u - 57, 0 = 3*u - 5*n - 25 - 39. What is the remainder when u is divided by 8?
5
Let x = 203 + -109. What is the remainder when x is divided by 32?
30
What is the remainder when (-33)/6*-15 - (-18)/12 is divided by 29?
26
Suppose -19 = -y + 2*f, -2*y - f = f - 44. Suppose 2*g - y = 3. Suppose -5*m = -9*m + 140. Calculate the remainder when m is divided by g.
11
Let c be ((-8)/(-5))/(2/(-10)). Calculate the remainder when 25 is divided by -2*4/(-8) - c.
7
Let t(r) = 8*r - 7. Calculate the remainder when t(3) is divided by 9.
8
Let p be (-1)/((-1)/8)*1. Let j = -6 + p. Suppose 0*d = j*d - 34. What is the remainder when 49 is divided by d?
15
Let a = -33 + 72. What is the remainder when a is divided by 14?
11
Let l = -41 - -16. Let k = 79 - 40. Calculate the remainder when k is divided by 16/10*l/(-2).
19
Let r = 0 + 4. Calculate the remainder when 15 is divided by r.
3
Let d be 7*1 - (-3 - -4). Let t be ((-20)/d)/((-4)/6). Suppose -i = -t, -5*l - 2 = -5*i - 17. What is the remainder when 23 is divided by l?
7
Suppose -6 = -x - x. Let h be (x/(-9))/(1/(-3)). What is the remainder when 2 is divided by ((-1)/(-3))/(h/3)?
0
Calculate the remainder when (5 - -12)/(2/10) is divided by 22.
19
Suppose -32 = -k - 5*s, 0 = -6*s + 3*s + 3. What is the remainder when 240 is divided by k?
24
Suppose 3*j + 143 = 4*j. Suppose 4*k - j = 89. Calculate the remainder when k is divided by 15.
13
Let r = 14 + -7. Let t(g) = 2*g - 10. Suppose 3*f - 27 = 3*i, 5*f + 2*i - i - 33 = 0. Calculate the remainder when f is divided by t(r).
3
Let w = 140 - 81. What is the remainder when w is divided by 15?
14
Suppose -4*o + 68 = 2*f + 2, o = 4*f + 3. Calculate the remainder when 27 is divided by o.
12
Let k = -1 + 2. Let m(w) = 2*w + 15. What is the remainder when m(5) is divided by -13*((-1 - k) + 1)?
12
Let d(x) = -x**3 + 4*x**2 + 7*x - 7. Let g be d(5). Suppose 18 + 0 = g*w. What is the remainder when 9 is divided by w?
3
Suppose -2*o = 0, -5*j + 5*o + 566 = -559. Suppose 0 = -24*d + 19*d + j. What is the remainder when d is divided by 12?
9
Suppose 4*x + 13 = 5*x. What is the remainder when x is divided by 7?
6
Calculate the remainder when 13 is divided by (-5)/40*-4*(7 - 1).
1
Let r = -50 - -68. What is the remainder when 67 is divided by r?
13
Let m(z) = -z + 6. Let r be m(-6). Suppose 3*w - r = -0*w. Calculate the remainder when 13 is divided by w.
1
Suppose -13*p = -182 - 52. Calculate the remainder when 122 is divided by p.
14
Let q = -43 - -63. Suppose -d = -4*d + 231. What is the remainder when d is divided by q?
17
Let w(t) = 52*t**3 - t**2 + 1. Let a(x) = x + x**2 + 27 + 4*x - 6*x. Calculate the remainder when w(1) is divided by a(0).
25
Suppose -66 = -3*w + 6. What is the remainder when w is divided by 14?
10
Let f(j) = 60 + j + 3*j - 3*j - 7. What is the remainder when f(0) is divided by 18?
17
Let f = 45 + -17. Let b = -24 + 34. Calculate the remainder when f is divided by b.
8
Suppose -17*z - 95 = -22*z. Calculate the remainder when 35 is divided by z.
16
Suppose 0 = -4*f - h + 3*h + 136, 2*h = -f + 24. Calculate the remainder when f is divided by 11.
10
Let t(v) = 6*v**2 + 6*v - 3. Calculate the remainder when t(-3) is divided by 18.
15
Let f = 5 + -5. Suppose j - 10 = -f*j. Calculate the remainder when 27 is divided by j.
7
Let y(x) = x**2 + 4*x - 2. Let c be y(-5). Suppose c*a - 29 = -2*a + j, -2*a = -3*j - 9. What is the remainder when a is divided by 4?
2
Suppose -60 = -4*f + 20. What is the remainder when (3 + 5/(-2))*f is divided by 1/(-4) - 13/(-4)?
1
Calculate the remainder when 49 is divided by 32/112 + 124/7.
13
Suppose -2*u = -u - 4. Suppose 9 = 3*z - 9. Calculate the remainder when z is divided by u.
2
Let a = -29 - -53. Let c = 11 + -5. What is the remainder when (-133)/(-6) - 4/a is divided by c?
4
Suppose v - 11 = -0*v. Let m = 113 + -106. What is the remainder when v is divided by m?
4
Suppose d + 3 = -0, d + 3 = -b. Calculate the remainder when 13 is divided by (-3 + b)*10/(-6).
3
Suppose 59 + 57 = 4*x. Let r = x - 54. Let l = 45 + r. Calculate the remainder when l is divided by 11.
9
Let t(z) = -z**3 - 6*z**2 - 12*z + 7. Calculate the remainder when t(-6) is divided by 16.
15
Let z(g) = -7*g**3 + 2*g**2 + g - 2. Let y be z(-2). Suppose -y = -4*m - 8. What is the remainder when 50 is divided by m?
11
Calculate the remainder when 52*(2 + (-12)/8) is divided by 14.
12
Let f = -33 - -47. What is the remainder when 53 is divided by f?
11
Let l = -62 + 75. Suppose -115 = -2*o - 3*o. What is the remainder when o is divided by l?
10
Let r = -14 - -18. What is the remainder when 6 is divided by r?
2
Let n(p) = p - 2. Let f be n(2). Suppose -u + 0*u + 9 = 2*i, 2*i + 5*u - 5 = f. What is the remainder when 23 is divided by i?
3
Let l = -90 + 123. What is the remainder when 128 is divided by l?
29
Suppose 10 = o - 3. What is the remainder when (-4)/10 - (-1260)/25 is divided by o?
11
Let h(v) = v**2 - 7*v - 17. What is the remainder when h(-8) is divided by 26?
25
Let v(p) = -4*p**3 + 0 + 4*p**2 - 2 + 6*p + 3*p**3 - 2. Let k be (1 + 6/(-4))*-10. What is the remainder when 1 is divided by v(k)?
0
Suppose 5*u - 2*u = -2*o + 15, 0 = -4*o + 12. Suppose -a - u = -2*a. Calculate the remainder when 4 is divided by a.
1
Suppose 155 + 40 = 3*i. Suppose h = i + 17. Calculate the remainder when h is divided by 21.
19
Let q(n) = n**2 + 5*n + 6. Calculate the remainder when q(-5) is divided by 4.
2
Suppose a - 3*b + 13 = 0, 4*a + a + 5*b + 25 = 0. Let i be 8/28 - 19/a. Suppose -i*k - 140 = -7*k. Calculate the remainder when k is divided by 18.
17
Suppose -5*m + 14 = -26. Suppose 4*c = -5*p + 112, -3*c + p + 42 = -23. What is the remainder when c is divided by m?
7
Suppose 12*w + 702 = 30*w. What is the remainder when 116 is divided by w?
38
Let h be (2*(-2)/(-4))/1. Let x be -1 + 0 - 9/h. Let m = x + 18. What is the remainder when 14 is divided by m?
6
Suppose 18 = 2*d + d. Let i(w) = -2*w**3 - 14*w**2 - 12*w + 3. Calculate the remainder when d is divided by i(-6).
0
Let s(v) = 3*v**2 - 3*v + 2. Let n(a) = 3*a - 3. Suppose -2*f + 14 = 2*g, 0 = 2*g + f - 7 - 2. Calculate the remainder when s(2) is divided by n(g).
2
Let k be ((-3)/(-5))/(1/5). Suppose -k*c = -5*c + 62. Suppose 0 = -5*b + 13 + 42. What is the remainder when c is divided by b?
9
Let f(z) = z**2 + 9*z - 25. Calculate the remainder when 96 is divided by f(-12).
8
Let k(g) = -g**2 - 5*g + 4. Let y be k(-5). Suppose -w = -y - 1. Suppose -4*z - 5 = -f - z, w*f - 4*z = 14. What is the remainder when 5 is divided by f?
1
Let r(f) = 38*f**2 - 1. Let h be (12/(-8))/((-3)/2). Suppose -2*y = h + 1. What is the remainder when r(y) is divided by 19?
18
Let x(v) = -v + 39. Suppose -r + 36 = 2*r. Calculate the remainder when x(6) is divided by r.
9
Let o = -18 - -55. Let c = o + -31. Let p = 20 - 5. Calculate the remainder when p is divided by c.
3
Let l = -3 - -17. Suppose 142 = 5*b - 63. What is the remainder when 1 + b + -4 + 2 is divided by l?
12
Let g(r) = -r - 2. Let f be g(4). Let n = 13 + f. Calculate the remainder when n is divided by 2.
1
Let n(c) = c**2 - 5*c - 9. Let r be n(7). Let m = 24 + r. Calculate the remainder when m is divided by 15.
14
Suppose 5*w + 4*k = 667, -160 = -w + 5*k - 44. What is the remainder when w is divided by 34?
29
Let w = 161 - 100. Calculate the remainder when w is divided by 32.
29
Suppose 2*c - 6 + 12 = 0. Let p = c + 8. Suppose -y + 23 = 3*t, -4*y + 21 + 45 = -t. What is the remainder when y is divided by p?
2
Suppose -q - 3*f + 34 = 0, 2*q - 44 = 4*f - 16. Suppose y - 63 + q = 0. What is the remainder when y is divided by 21?
20
Let q = 311 - 91. Suppose l = -4*l + q. Calculate the remainder when l is divided by 15.
14
Suppose 4*v = 4*m + m + 25, -5*v = -m - 5. Suppose -4*b + v = -48. Calculate the remainder when 22 is divided by b.
10
Let o(s) = -s + 14. Suppose 3*d - 5*j = 25, -j + 1 = -d + 6. Suppose d*w = -w - 3*l + 13, 3*w = -3*l + 21. What is the remainder when o(8) is divided by w?
2
Let t(j) = -2*j**2 - 53*j - 13. What is the remainder